3
What are the prime factors of 36902454?
2, 3, 6150409
List the prime factors of 971853502.
2, 485926751
List the prime factors of 172448127.
3, 19160903
List the prime factors of 49374912.
2, 3, 257161
List the prime factors of 7022007.
3, 780223
List the prime factors of 1359314229.
3, 7, 13, 4979173
List the prime factors of 4513350215.
5, 11, 761, 9803
List the prime factors of 38194924.
2, 9548731
What are the prime factors of 583230503?
583230503
List the prime factors of 33351897.
3, 19, 293, 1997
List the prime factors of 746277408.
2, 3, 41, 21067
What are the prime factors of 773873355?
3, 5, 51591557
What are the prime factors of 13741199?
19, 723221
What are the prime factors of 728948420?
2, 5, 491, 74231
List the prime factors of 236290193.
233, 1014121
List the prime factors of 1041406712.
2, 130175839
List the prime factors of 1395635391.
3, 43, 3606293
What are the prime factors of 87903129?
3, 67, 163, 2683
List the prime factors of 73719458.
2, 43, 857203
List the prime factors of 818120057.
818120057
What are the prime factors of 147060931?
17, 19, 31, 773
What are the prime factors of 295559939?
41, 7208779
List the prime factors of 20139498.
2, 3, 1118861
List the prime factors of 134981175.
3, 5, 7, 257107
What are the prime factors of 2105803893?
3, 23, 193, 158129
What are the prime factors of 2510627145?
3, 5, 13, 929, 13859
What are the prime factors of 1028215419?
3, 7, 11, 19, 234271
List the prime factors of 17386650.
2, 3, 5, 53
What are the prime factors of 50940441?
3, 71, 26573
What are the prime factors of 2003509085?
5, 400701817
What are the prime factors of 5816334023?
5816334023
List the prime factors of 34864895.
5, 13, 23, 23321
List the prime factors of 569011281.
3, 47, 59, 68399
What are the prime factors of 173138571?
3, 103, 186773
List the prime factors of 199523535.
3, 5, 53, 113, 2221
What are the prime factors of 225347832?
2, 3, 347759
What are the prime factors of 133104776?
2, 7, 83, 4091
What are the prime factors of 85527421?
7, 331, 36913
List the prime factors of 306486215.
5, 7, 83, 105503
What are the prime factors of 2963935917?
3, 23, 14318531
List the prime factors of 1102629772.
2, 275657443
List the prime factors of 575803091.
23, 29, 457, 1889
List the prime factors of 1120453513.
1120453513
List the prime factors of 8551751.
13, 657827
List the prime factors of 112777965.
3, 5, 659, 3803
What are the prime factors of 1005159696?
2, 3, 103, 203309
What are the prime factors of 66398004?
2, 3, 109, 16921
List the prime factors of 1307077623.
3, 17, 419, 20389
List the prime factors of 1578555653.
1578555653
List the prime factors of 569796662.
2, 19, 491, 30539
List the prime factors of 677922850.
2, 5, 11, 19, 29, 2237
What are the prime factors of 1721716?
2, 523, 823
What are the prime factors of 19710101?
257, 271, 283
What are the prime factors of 768255740?
2, 5, 7, 379, 14479
List the prime factors of 21647665.
5, 13, 333041
What are the prime factors of 71851790?
2, 5, 7185179
List the prime factors of 264765196.
2, 66191299
List the prime factors of 530413561.
530413561
List the prime factors of 680670597.
3, 127, 211, 8467
What are the prime factors of 2339908858?
2, 7, 73, 379, 863
What are the prime factors of 404625815?
5, 11, 668803
What are the prime factors of 148755478?
2, 131, 643, 883
What are the prime factors of 1215195122?
2, 17, 19, 277, 6791
What are the prime factors of 4351626?
2, 3, 17, 14221
List the prime factors of 4894401.
3, 163, 10009
List the prime factors of 2970931092.
2, 3, 247577591
List the prime factors of 1396957351.
10613, 131627
What are the prime factors of 691979193?
3, 353, 2689
What are the prime factors of 131333807?
11, 11939437
List the prime factors of 1222327572.
2, 3, 4153, 24527
List the prime factors of 66309741.
3, 17, 43, 10079
What are the prime factors of 147229?
147229
What are the prime factors of 575375413?
575375413
List the prime factors of 45829462.
2, 7, 3273533
What are the prime factors of 4337304643?
7, 31, 349, 57271
List the prime factors of 662142439.
7, 47, 241, 1193
What are the prime factors of 855477669?
3, 41, 653, 10651
What are the prime factors of 399807346?
2, 199903673
What are the prime factors of 36936928?
2, 7, 269, 613
What are the prime factors of 5887864225?
5, 43, 5477083
List the prime factors of 946216.
2, 118277
What are the prime factors of 362997453?
3, 7, 13, 1329661
What are the prime factors of 1228047341?
1228047341
What are the prime factors of 46178459?
46178459
What are the prime factors of 2047085120?
2, 5, 379, 16879
What are the prime factors of 824977178?
2, 2393, 172373
What are the prime factors of 1174121280?
2, 3, 5, 31, 13151
List the prime factors of 230202783.
3, 29, 294001
What are the prime factors of 2333136108?
2, 3, 53, 1021, 3593
List the prime factors of 369410409.
3, 13681867
What are the prime factors of 85761335?
5, 11, 1559297
List the prime factors of 36084778.
2, 17, 1061317
List the prime factors of 477879297.
3, 7, 22756157
List the prime factors of 131109116.
2, 29, 1130251
What are the prime factors of 4137527361?
3, 11, 73, 156139
What are the prime factors of 141395708?
2, 35348927
What are the prime factors of 565789652?
2, 29, 4877497
What are the prime factors of 199508282?
2, 3527, 28283
What are the prime factors of 472001318?
2, 293, 805463
List the prime factors of 17611610.
2, 5, 1761161
List the prime factors of 29976000.
2, 3, 5, 1249
What are the prime factors of 96624965?
5, 71, 272183
What are the prime factors of 162925585?
5, 32585117
What are the prime factors of 841191320?
2, 5, 59, 431, 827
What are the prime factors of 61371090?
2, 3, 5, 11, 61991
List the prime factors of 1477521140.
2, 5, 47, 907, 1733
List the prime factors of 2357071798.
2, 661, 1782959
List the prime factors of 141207866.
2, 6343, 11131
What are the prime factors of 3469333126?
2, 7, 247809509
What are the prime factors of 97671086?
2, 17, 821, 3499
List the prime factors of 1017894754.
2, 17, 2693, 11117
What are the prime factors of 5643819?
3, 627091
What are the prime factors of 13428809?
13428809
List the prime factors of 2522311570.
2, 5, 61, 4134937
List the prime factors of 1470196264.
2, 83, 107, 20693
List the prime factors of 2424220459.
61, 541, 73459
What are the prime factors of 45253143?
3, 13, 461, 839
List the prime factors of 2034436.
2, 229, 2221
What are the prime factors of 41775893?
641, 65173
List the prime factors of 4058165776.
2, 7, 73, 137, 3623
What are the prime factors of 891175731?
3, 43, 83, 83233
What are the prime factors of 2406946007?
571, 4215317
List the prime factors of 2513879651.
131, 3163, 6067
What are the prime factors of 334797563?
331, 499, 2027
List the prime factors of 100235858.
2, 50117929
What are the prime factors of 42205883?
17, 227, 10937
What are the prime factors of 29244286?
2, 14622143
What are the prime factors of 1141669965?
3, 5, 37, 199, 10337
List the prime factors of 122785692.
2, 3, 10232141
List the prime factors of 2001261540.
2, 3, 5, 409, 81551
List the prime factors of 3358838895.
3, 5, 1231, 181903
What are the prime factors of 424695?
3, 5, 23, 1231
What are the prime factors of 6391321?
6391321
List the prime factors of 629114944.
2, 9829921
What are the prime factors of 44018457?
3, 7, 17, 7253
List the prime factors of 971081745.
3, 5, 3911, 16553
What are the prime factors of 157865515?
5, 31573103
What are the prime factors of 477550504?
2, 89, 433, 1549
List the prime factors of 349091851.
349091851
List the prime factors of 2943495272.
2, 103, 3572203
List the prime factors of 32927952.
2, 3, 31, 22129
What are the prime factors of 2696102347?
37, 199, 366169
What are the prime factors of 693093136?
2, 43318321
What are the prime factors of 3820939287?
3, 11, 211, 548749
List the prime factors of 386208469.
89, 4339421
What are the prime factors of 801858041?
53, 15129397
What are the prime factors of 55356913?
17, 3256289
List the prime factors of 2223997343.
2223997343
List the prime factors of 108144965.
5, 23, 223, 4217
What are the prime factors of 51240174?
2, 3, 467, 18287
What are the prime factors of 1230808745?
5, 9133, 26953
What are the prime factors of 441038759?
7